9
List the prime factors of 16088.
2, 2011
What are the prime factors of 27968?
2, 19, 23
What are the prime factors of 2796?
2, 3, 233
What are the prime factors of 1489?
1489
What are the prime factors of 1262?
2, 631
What are the prime factors of 45916?
2, 13, 883
List the prime factors of 26053.
26053
What are the prime factors of 10900?
2, 5, 109
What are the prime factors of 20257?
47, 431
What are the prime factors of 32003?
32003
What are the prime factors of 3044?
2, 761
List the prime factors of 983.
983
What are the prime factors of 1694?
2, 7, 11
List the prime factors of 10360.
2, 5, 7, 37
What are the prime factors of 81?
3
List the prime factors of 79.
79
List the prime factors of 73171.
7, 10453
List the prime factors of 72724.
2, 18181
List the prime factors of 260.
2, 5, 13
List the prime factors of 30490.
2, 5, 3049
List the prime factors of 1951.
1951
What are the prime factors of 33780?
2, 3, 5, 563
List the prime factors of 23916.
2, 3, 1993
List the prime factors of 576.
2, 3
List the prime factors of 12707.
97, 131
What are the prime factors of 10123?
53, 191
List the prime factors of 14704.
2, 919
List the prime factors of 68473.
68473
What are the prime factors of 3792?
2, 3, 79
What are the prime factors of 23312?
2, 31, 47
What are the prime factors of 5857?
5857
List the prime factors of 1245.
3, 5, 83
What are the prime factors of 295?
5, 59
What are the prime factors of 17827?
17827
What are the prime factors of 275?
5, 11
List the prime factors of 45785.
5, 9157
What are the prime factors of 34324?
2, 8581
List the prime factors of 1998.
2, 3, 37
List the prime factors of 40714.
2, 20357
What are the prime factors of 12206?
2, 17, 359
List the prime factors of 2126.
2, 1063
What are the prime factors of 672?
2, 3, 7
List the prime factors of 3897.
3, 433
List the prime factors of 1604.
2, 401
List the prime factors of 13189.
11, 109
What are the prime factors of 7294?
2, 7, 521
List the prime factors of 123380.
2, 5, 31, 199
What are the prime factors of 15936?
2, 3, 83
List the prime factors of 1341.
3, 149
List the prime factors of 52046.
2, 53, 491
List the prime factors of 42159.
3, 13, 23, 47
List the prime factors of 1141.
7, 163
What are the prime factors of 5331?
3, 1777
What are the prime factors of 790?
2, 5, 79
What are the prime factors of 250?
2, 5
List the prime factors of 673.
673
List the prime factors of 323.
17, 19
List the prime factors of 30.
2, 3, 5
List the prime factors of 145248.
2, 3, 17, 89
List the prime factors of 12851.
71, 181
What are the prime factors of 1289?
1289
What are the prime factors of 4494?
2, 3, 7, 107
What are the prime factors of 7424?
2, 29
List the prime factors of 69299.
23, 131
List the prime factors of 38258.
2, 11, 37, 47
What are the prime factors of 4020?
2, 3, 5, 67
What are the prime factors of 83?
83
List the prime factors of 375.
3, 5
List the prime factors of 6853.
7, 11, 89
List the prime factors of 38237.
38237
List the prime factors of 73309.
73309
List the prime factors of 6742.
2, 3371
What are the prime factors of 1932?
2, 3, 7, 23
What are the prime factors of 108884?
2, 163, 167
List the prime factors of 11395.
5, 43, 53
List the prime factors of 21865.
5, 4373
List the prime factors of 2369.
23, 103
What are the prime factors of 67608?
2, 3, 313
List the prime factors of 56956.
2, 29, 491
List the prime factors of 6711.
3, 2237
What are the prime factors of 961?
31
List the prime factors of 3146.
2, 11, 13
List the prime factors of 289.
17
What are the prime factors of 14653?
14653
List the prime factors of 6450.
2, 3, 5, 43
What are the prime factors of 3397?
43, 79
What are the prime factors of 2861?
2861
What are the prime factors of 14945?
5, 7, 61
List the prime factors of 5106.
2, 3, 23, 37
What are the prime factors of 101775?
3, 5, 23, 59
List the prime factors of 2734.
2, 1367
List the prime factors of 47614.
2, 7, 19, 179
What are the prime factors of 23419?
11, 2129
List the prime factors of 9422.
2, 7, 673
List the prime factors of 1145.
5, 229
List the prime factors of 139.
139
List the prime factors of 436.
2, 109
List the prime factors of 4128.
2, 3, 43
What are the prime factors of 3765?
3, 5, 251
What are the prime factors of 24479?
7, 13, 269
List the prime factors of 3028.
2, 757
What are the prime factors of 1196?
2, 13, 23
What are the prime factors of 7871?
17, 463
What are the prime factors of 565?
5, 113
List the prime factors of 18339.
3, 6113
List the prime factors of 42835.
5, 13, 659
What are the prime factors of 228?
2, 3, 19
List the prime factors of 11971.
11971
List the prime factors of 276.
2, 3, 23
What are the prime factors of 603?
3, 67
List the prime factors of 2386.
2, 1193
What are the prime factors of 25560?
2, 3, 5, 71
List the prime factors of 7592.
2, 13, 73
What are the prime factors of 11704?
2, 7, 11, 19
What are the prime factors of 552?
2, 3, 23
List the prime factors of 25856.
2, 101
What are the prime factors of 1072?
2, 67
What are the prime factors of 2043?
3, 227
What are the prime factors of 1364?
2, 11, 31
List the prime factors of 47940.
2, 3, 5, 17, 47
List the prime factors of 823.
823
List the prime factors of 24839.
59, 421
List the prime factors of 61214.
2, 127, 241
List the prime factors of 52216.
2, 61, 107
List the prime factors of 2992.
2, 11, 17
What are the prime factors of 6518?
2, 3259
List the prime factors of 550.
2, 5, 11
What are the prime factors of 3627?
3, 13, 31
List the prime factors of 3837.
3, 1279
List the prime factors of 120305.
5, 24061
List the prime factors of 5450.
2, 5, 109
List the prime factors of 1224.
2, 3, 17
List the prime factors of 497.
7, 71
List the prime factors of 846.
2, 3, 47
List the prime factors of 2084.
2, 521
What are the prime factors of 25298?
2, 7, 13, 139
List the prime factors of 1269.
3, 47
What are the prime factors of 30488?
2, 37, 103
List the prime factors of 70540.
2, 5, 3527
What are the prime factors of 1587?
3, 23
What are the prime factors of 55584?
2, 3, 193
List the prime factors of 9005.
5, 1801
List the prime factors of 204.
2, 3, 17
What are the prime factors of 6700?
2, 5, 67
What are the prime factors of 39083?
11, 17, 19
List the prime factors of 39489.
3, 13163
List the prime factors of 63333.
3, 31, 227
What are the prime factors of 194?
2, 97
What are the prime factors of 10059?
3, 7, 479
What are the prime factors of 2177?
7, 311
What are the prime factors of 63329?
7, 83, 109
What are the prime factors of 17567?
11, 1597
What are the prime factors of 3636?
2, 3, 101
List the prime factors of 5034.
2, 3, 839
List the prime factors of 11469.
3, 3823
List the prime factors of 2461.
23, 107
What are the prime factors of 9145?
5, 31, 59
What are the prime factors of 12599?
43, 293
What are the prime factors of 1039?
1039
What are the prime factors of 728?
2, 7, 13
What are the prime factors of 979?
11, 89
List the prime factors of 5218.
2, 2609
What are the prime factors of 470?
2, 5, 47
List the prime factors of 4829.
11, 439
What are the prime factors of 35692?
2, 8923
List the prime factors of 14224.
2, 7, 127
What are the prime factors of 3076?
2, 769
What are the prime factors of 10697?
19, 563
List the prime factors of 3490.
2, 5, 349
What are the prime factors of 61084?
2, 15271
List the prime factors of 9404.
2, 2351
List the prime factors of 102393.
3, 31, 367
What are the prime factors of 16361?
16361
List the prime factors of 6623.
37, 179
List the prime factors of 432.
2, 3
What are the prime factors of 2643?
3, 881
What are the prime factors of 3325?
5, 7, 19
What are the prime factors of 1600?
2, 5
What are the prime factors of 905?
5, 181
List the prime factors of 2834.
2, 13, 109
List the prime factors of 73910.
2, 5, 19, 389
What are the prime factors of 68735?
5, 59, 233
List the prime factors of 21260.
2, 5, 1063
List the prime factors of 44466.
2, 3, 7411
What are the prime factors of 5317?
13, 409
List the prime factors of 44359.
7, 6337
List the prime factors of 1069.
1069
List the prime factors of 8374.
2, 53, 79
What are the prime factors of 134486?
2, 11, 6113
List the prime factors of 1710.
2, 3, 5, 19
What are the prime factors of 175352?
2, 23, 953
What are the prime factors of 63829?
